 Let z = -8 + 5. What is the units digit of (-12)/v*2/z?
1
Let f = -19 + 11. Let g(q) = -q - 17. Let w be g(-10). Let x = w - f. What is the units digit of x?
1
Let g(h) = -2*h + 44. What is the units digit of g(-19)?
2
Suppose 3*s - 3*p - 109 = -16, 108 = 3*s + 2*p. Let h = 2 + s. What is the units digit of h?
6
Suppose 0 = 5*i - 2*w - 111 - 75, 0 = -3*w - 9. What is the units digit of i?
6
Let t(h) = 3*h - 4*h + 2*h + 2. Let q be t(0). Suppose 13 = 3*c + 2*z - z, q*c = 5*z + 3. What is the units digit of c?
4
Let x = 281 + -55. What is the tens digit of x?
2
Let x(n) = -3*n**2 - 5*n + 6. Let u be x(-7). Let k = u + 149. What is the units digit of k?
3
Let q be 2 + -5 + 1 + 1. Let a be q + 1 + (1 - 1). What is the units digit of 4 + (a + -2 - -3)?
5
Suppose 4*r = 4*y + 308, 0*r = -2*r + y + 153. What is the units digit of r?
6
Let s(k) = k**2 - 5*k - 12. Let z be s(9). Suppose w - z = -w. What is the units digit of (-1)/(-2) - w/(-8)?
2
Let s be -1*(-5)/(-1 + 2). Suppose -2*y = s*a + y - 2, 0 = 2*a + 2*y. Let k = 8 - a. What is the units digit of k?
7
What is the tens digit of 3*((-132)/2)/(27/(-12))?
8
Suppose -5*j - 4*o = -462, 0 = 2*o - 3*o - 2. What is the tens digit of j?
9
What is the units digit of (-18)/(-9)*(5 + 2)?
4
Suppose -15 = -5*t, 4*t = -y + 6*y + 2. Suppose 4*u + 16 = -y*l, u + l = 3*l - 4. Let x = 8 + u. What is the units digit of x?
4
Let j = 14 + -9. Suppose 0 = -j*f + m + 78, 3*m = 2 + 4. What is the units digit of f?
6
Suppose 0*u + 4 = -u, 4*z + 3*u = 132. What is the tens digit of z?
3
Suppose -56 = -3*y + 28. Let l = -16 + y. What is the tens digit of l?
1
Let a(r) = -2*r + 14. Let k be a(6). Let j = -3 - -6. Suppose n - k = j. What is the units digit of n?
5
Let l(t) = t**3 + t**2 + t - 4. Let h be l(0). What is the tens digit of (-6)/h - (-19)/2?
1
Let n(p) = -87 + p**3 + 87 - 3*p + 5*p**2. What is the units digit of n(-5)?
5
Suppose 0 = 2*g - 711 + 269. What is the tens digit of g?
2
Let b be (12/(-15))/(2/(-30)). Suppose 2*g - b = 6. What is the units digit of g?
9
Let z(p) be the first derivative of p**5/20 - p**4/6 - 5*p**3/6 + p**2/2 + 2*p - 2. Let n(m) be the first derivative of z(m). What is the tens digit of n(4)?
1
Suppose -5*l + 9 = -406. What is the units digit of l?
3
What is the units digit of (-9 + 3)/(-2) + 35?
8
Let f be (-6)/9*(-27)/6. Suppose f*k + 4*v = -23, -v - 11 = -4*k + 2*v. What is the units digit of 1*k/(2/(-10))?
5
Let r(x) = -5*x - 10. Let y be r(-11). Let t = y - 26. Let w = 32 - t. What is the units digit of w?
3
Suppose -3*o = -2*o - 52. What is the tens digit of (o/(-4))/(-3 + 2)?
1
Suppose -4*o = -4*s + 4, 4*s + 11 = 3*s + 4*o. Suppose 9 = -s*x + 79. What is the units digit of x?
4
Let p(b) = -b**2 + 3*b + 6. Let n(d) be the third derivative of d**4/24 + d**3/6 + 4*d**2. Let k(c) = n(c) - p(c). What is the tens digit of k(6)?
1
Suppose -68 = -n - 4*m - m, 5*m + 76 = 2*n. What is the units digit of n?
8
Let g(f) = 2*f**3 - 2*f**2 - 2*f. Let o be g(2). Suppose 35 = 5*b + q - 6, 4*b - o*q - 28 = 0. What is the units digit of b?
8
Suppose -d + 3*p + 16 = d, 0 = -5*d - 3*p + 19. Suppose -x + d = 0, 4*v = -4*x + 9 + 15. What is the units digit of v?
1
Let s(p) = -p**3 + 8*p**2 - 3. Let g be s(6). Let m = -38 + g. What is the tens digit of m?
3
Let p(q) = 4*q - 5. What is the units digit of p(7)?
3
What is the tens digit of (78/18)/((4/(-2))/(-60))?
3
Let z be -1 - ((3 - 0) + -2). Let s be ((2 - 2)/z)/2. Suppose s*f + 40 = 4*f. What is the tens digit of f?
1
Suppose 3*y - 4*y + 3*m = -119, -5*y = -5*m - 545. What is the hundreds digit of y?
1
Suppose -8*s + 3*u = -3*s - 762, 2*s + 2*u - 292 = 0. What is the hundreds digit of s?
1
Let m = 43 - 31. What is the tens digit of m?
1
Suppose -2*r + 3 = -1. Suppose r*y - 31 = -3. What is the tens digit of y?
1
Suppose 0*f = -f + 2*k + 12, 3*k + 4 = -2*f. Let u be 3*(-2)/(-6) + f. Suppose -25 = -u*o + 35. What is the units digit of o?
2
Suppose -g - 3*g + 16 = 4*k, -3*g - 36 = -5*k. Suppose 0 = 4*x + k - 26. What is the units digit of x?
5
Let w(a) = a**3 + 4*a**2 - 5*a + 4. Let o be w(-5). Suppose 0*k + 38 = 4*v + 3*k, o*k = -2*v + 24. Suppose -3*x = -v - 16. What is the units digit of x?
8
Let a(o) = -o - 5. Let t be a(10). Let n = t + 23. What is the units digit of n?
8
Let f = -18 + 43. Suppose 3*t - f = 11. Suppose -t + 0 = -2*s. What is the units digit of s?
6
Suppose -28*c = -27*c - 52. What is the tens digit of c?
5
Let v = 22 - 16. Suppose 5*u = 3*r + 17 + 5, 0 = -3*u - 3*r + 18. Let h = v - u. What is the units digit of h?
1
Suppose a + 48 = -3*a. Let o = -1 - a. What is the tens digit of o?
1
Let y(d) = d**3 + 8*d**2 + 7*d + 5. Let b be y(-7). Let a(n) = n + 7. What is the tens digit of a(b)?
1
Let y = 51 + -32. Suppose -2*f - d + y = 2*d, -3*f + 3*d - 9 = 0. Suppose 0 = 2*m - 5*c - 50, f*m + 25 = 2*c + 63. What is the units digit of m?
5
Suppose 0 = 4*o + 40 + 16. What is the units digit of (-150)/o + (-16)/(-56)?
1
Suppose 3*a = -5*l + 557, 4*l - 316 - 129 = -3*a. What is the hundreds digit of l?
1
Suppose 4*m - 9 = 3. Suppose 5*n + 3*v - 13 = m, -5*n - 4*v + 13 = 0. What is the units digit of n?
5
Let y be 4/(-8)*-2*4. Suppose -5*s + o = -67, 6 = 3*s - y*o - 41. What is the units digit of s?
3
Let a = -133 - -263. What is the tens digit of a?
3
Suppose -i - 9*w - 22 = -5*w, 18 = -5*i + 3*w. What is the tens digit of (i - -3) + 7*4?
2
What is the units digit of ((-48)/20)/(3/(-10))?
8
Let a = -5 - -10. Suppose a*n + 60 = 4*v - 0*v, 20 = 5*n. What is the units digit of v?
0
Let d(v) = -v**3 + 8*v**2 - 4*v + 9. Suppose -31 = -5*s + 4. What is the tens digit of d(s)?
3
Let v(m) be the second derivative of -2*m**3/3 + 2*m**2 + 4*m. What is the units digit of v(-3)?
6
Let g(n) = 7*n + 4*n - n**2 + 21 - 6. What is the units digit of g(12)?
3
Let l be 3 + -1 - 1*-1. Suppose -4*j = -2*j - 10. Suppose -l*h - h - 53 = -j*c, -3*h - 30 = -3*c. What is the tens digit of c?
1
Suppose -g + 59 = 4*c - 6*g, -c + g + 15 = 0. Suppose 0 = 5*h + c + 9. Let q = h + 14. What is the units digit of q?
9
Let f(m) = -2*m**2 + 7*m + 1. Let x be f(5). What is the units digit of (-24)/x + (-8)/(-28)?
2
Let q(i) = -i + 4. Let t be q(2). Suppose -4*g + 53 = -5*n, 2*g + 3*n = 6*n + 27. Suppose -3*k - g = 0, 2*s - 11 = -t*k + 11. What is the units digit of s?
5
Suppose -4*f + 32 = 3*v, f = -0*f - 2*v + 13. Suppose 3 = -3*q, -3*q - 21 = 2*d - f*d. What is the units digit of d?
6
What is the units digit of 11/(2/(-18)*-3)?
3
Let l(u) be the third derivative of u**6/120 - 3*u**5/20 + 3*u**4/8 + 7*u**3/6 - u**2. What is the units digit of l(8)?
5
Let a(y) = y**2 + 5. Suppose -i = -0 + 4. What is the tens digit of a(i)?
2
Suppose -4*v = 5*i - 18, -2 = 3*i - v - 6. Let o be 3/(-6)*-4 + 2. Suppose o*k = -i*n - 3*n - 2, -3*n - 8 = -k. What is the units digit of k?
2
Suppose 3*k + 2*o + o - 990 = 0, -4*k + 5*o + 1320 = 0. What is the tens digit of k?
3
Suppose 5*z = -r - 36, -3*r = -4*z + 2*r - 52. Let w = z + 6. What is the units digit of (2/(-3))/(w/12)?
4
Let d(v) = v**3 + 22*v**2 - 3*v - 3. What is the units digit of d(-22)?
3
Let x(i) = i**3 - i + 3. Let b be x(0). Suppose 0 = 2*n + s - 77, -5*n = b*s - 8*s - 155. What is the units digit of n?
6
Let a = -6 - 3. Let v = 27 + a. What is the units digit of v?
8
Suppose 31*r = 26*r + 585. What is the units digit of r?
7
Let w be (-1)/1*1/(-1). Let n = w + 4. Suppose n*o - x + 4*x = 55, -x = -5*o + 35. What is the units digit of o?
8
Suppose 3*j - 40 = -4*v, -3*j + 2*v = -2*v - 32. What is the tens digit of j?
1
Suppose 40 = 5*b - 30. What is the units digit of 1*6*35/b?
5
What is the tens digit of 1/(-1 + (-564)/(-560))?
4
Let r = -49 + 228. What is the tens digit of r?
7
Let h = -24 + 173. What is the units digit of h?
9
Suppose 0 = 2*v - 0*v - 148. What is the tens digit of v?
7
Let f(b) = -3*b - 6. Let w be f(-4). Suppose -3*m - 66 = -w*m. What is the tens digit of m?
2
Let w be (-45)/6 + 2/(-4). Let y = w + 3. What is the tens digit of 58/5 - 2/y?
1
Suppose -4*i + 23 = 7. Suppose -5*m - i*s = -232 - 69, -2*m = -2*s - 106. Suppose m = 4*z - 5*x, -3*x + 8 = -5*z + 63. What is the units digit of z?
8
What is the units digit of (-16)/24 + (-17)/(-3)?
5
Let l be (-1)/(1 - (-72)/(-74)). Let o = -13 - l. Suppose 5*j - o = -4*